ne k(5).
5
Let k be (-4)/3*(-93)/(-2). Suppose s + 110 = -2*m, -107*s + 106*s + 165 = -3*m. Let t = m - k. Let c(g) = -g**3 + 7*g**2 - 4*g + 8. What is c(t)?
-20
Let p(m) = m + 15. Let l be (-9)/((-27)/2)*(3 - -3). Let w be l/3*(-2)/3*9. Calculate p(w).
7
Let o(s) = s**3 + 5*s**2 - 3*s - 10. Let k be o(-7). Let v = k + 92. Let t(y) = 0*y**3 + 5*y**2 - y**3 + 16 - 9. Give t(v).
7
Let n = 3557 + -3561. Let j(y) = -5*y**2 - 3*y. Calculate j(n).
-68
Let u(t) be the first derivative of -t**2/2 - 2*t + 19. Let q(v) = 4*v + 35. Let m be q(-8). Suppose -2*z - m*k - 3 = 0, -15 = -3*k - 2*k. What is u(z)?
4
Let b be 166/18 - ((-7)/9 + 1). Let w(r) be the second derivative of r**3/6 - 9*r**2/2 - 2*r + 10. Determine w(b).
0
Suppose -2 = -w + 3*s, 0 = -5*w - 0*s - 3*s + 10. Let m(h) = 16*h - 41*h - h**w - 2 + 21*h. Determine m(-5).
-7
Let j(x) = -2*x**2 + 58*x + 122. Let b(s) = -1658*s + 1689. Let z be b(1). What is j(z)?
-2
Let a(h) be the second derivative of h**5/40 - h**4/24 - 4*h**3 - 42*h. Let d(x) be the second derivative of a(x). What is d(5)?
14
Let p(u) = 585*u - 9946. Let a be p(17). Let s(k) = -13*k**3 - 2*k**2 + 6*k. Let o(n) = 12*n**3 + 2*n**2 - 5*n. Let v(j) = -7*o(j) - 6*s(j). Calculate v(a).
5
Let g(u) be the second derivative of -u**7/840 - u**6/72 - u**5/120 - 5*u**3/6 - 11*u**2 + 16*u - 3. Let y(n) be the second derivative of g(n). Calculate y(-6).
42
Let n be -5 + (-2 - 7/(-3))*39. Let p(x) = 6*x + 1 - 6*x + 10*x + n*x. What is p(1)?
19
Let r be 4 + 2 - (-8 + 2). Let f = r - -4. Let b(u) = u - 11. Give b(f).
5
Let h(z) = -z**3 - 18*z**2 - z. Let q be h(-18). Let f(m) = -3*m + 4*m - 2*m + q*m**3 - m**2 + 27 - 17*m**3. Calculate f(0).
27
Suppose 2*q = -3 + 17. Suppose -4*y + q = -5. Suppose 2*u - 5*o - 12 = 0, u + 7 = -y*o - o. Let m(f) = -6*f**3 + 1. Calculate m(u).
-5
Let o = -229 - -329. Let f(u) = o*u + 1 - 2 - 105*u. Determine f(1).
-6
Let s(z) = 16*z - 2*z**3 + 3*z**3 + 13*z**2 + 163 + 16*z + 9*z - 162. What is s(-6)?
7
Suppose 0 = 6*b - b + 35. Let v = 105 - 99. Let d(l) = -6*l + 18*l**2 - 43*l**2 - v + 24*l**2. What is d(b)?
-13
Let t(a) = -a**2 + 3*a + 25. Suppose -7*x - 73 = -115. Calculate t(x).
7
Let h be 2190/25 + (-4)/(-10). Let o(s) = 113*s**3 - 38*s**3 - s - h*s**3 - 2*s**2. Suppose -p - 1 = -0*p. Give o(p).
12
Let s(n) = -2*n**2 - 5*n - 54. Let v(p) = p**2 + 3*p + 15. Let k(l) = -s(l) - 3*v(l). Let g = 10 + -6. Determine k(g).
-23
Let y(c) = -17*c**3 + c**2 + 2*c + 1. Let k(r) = -38*r**3 - 2*r**2 + 1. Let l be k(-1). Let i = l + 12. Let h = 48 - i. What is y(h)?
17
Let j(w) be the third derivative of w**6/120 + w**5/10 - w**4/24 - w**3/3 + 2*w**2. Suppose 0 = -13*t - 378 - 1273. Let m = 121 + t. Give j(m).
4
Let b(q) = q**3 - 31*q**2 + 31*q - 25. Let z(d) = d**2 - 6*d - 10. Let a be z(10). Calculate b(a).
5
Let m be 27*(0 - -1)*(-12)/36. Let n(x) = x**3 + 10*x**2 + 10*x - 1. Give n(m).
-10
Let a(h) = -h + 190. Let d be a(-15). Let k = -212 + d. Let j(s) = s**2 + 8*s + 10. Give j(k).
3
Let x(h) = -5*h - 182 + 205 - h**2 + 12*h + 19*h - 5*h. Determine x(22).
1
Let u(s) = -4*s + 5. Let q(i) = 21*i**2 - 3*i + 3. Let p be q(1). Suppose -12*f + p = 9. Suppose 16 = 5*z - 4*n, -n + 4*n + f = z. Calculate u(z).
-11
Let q(f) = f - 9. Suppose -3*w + 3*d + 2*d - 84 = 0, 4*w = 2*d - 126. Let r(z) = 48*z - 232. Let s be r(4). Let b = w - s. Calculate q(b).
-2
Let a = 275 + -292. Let t(o) = 18*o + 15 + 2*o**3 - 16*o**2 - 3*o**3 + 9 - 11. Give t(a).
-4
Let g be ((-265)/(-10) - 5)/((-1)/(-2)). Suppose -168 = -4*b - 3*m, 5*m = -2*b + 37 + 47. Let q = b - g. Let i(c) = c + 2. What is i(q)?
1
Let k(t) = -t - 3. Let m(n) = n + 4. Let l(j) = 3*k(j) + 4*m(j). Suppose 4*g = 44, 44*g = -3*y + 39*g + 55. Give l(y).
7
Let m(c) be the second derivative of -c**3/6 + 2*c**2 + 14*c - 1. Let g be 10*(-10)/(-25) - 4. Let p be (-1 + 1)/(g - 2). Determine m(p).
4
Suppose 19 = -2*k - 4*a - 35, -5*k + 27 = -8*a. Let n(t) = -2*t + 3 + 3*t + t. Give n(k).
-15
Let g(w) = 7*w**2 - w - 1. Let p(m) = 4*m**3 + m + 2. Let k be p(-1). Let j be 92/69 + (-2)/k + -3. What is g(j)?
7
Let p(y) = -2*y + 5. Let u be p(6). Let i(m) be the second derivative of -m**3/3 - 4*m**2 + 25046*m. Give i(u).
6
Let q(r) be the third derivative of r**6/120 + r**5/60 + r**4/12 + 4*r**3/3 - 1653*r**2. What is q(-3)?
-16
Suppose -6 + 2 = s. Let h be ((-51)/4)/(-8 - 87/(-12)). Let g(z) = 15*z**3 + h*z**3 + 13*z**3 + 1 - 60*z**3 + 3*z**2 + 16*z**3 - 5*z. Determine g(s).
5
Let z(n) = 2*n**2 - n + 2. Let b(s) = 2*s**3 - 32*s**2 + 2*s - 21. Let f be b(16). Let g be (-94)/(-8) - 1/(-4). Suppose -7*w = -f*w - g. Give z(w).
23
Let r(k) = -42*k + 5 - 3*k**3 + 2*k**2 + 2*k**3 + 43*k + 2*k - 6*k**2. Suppose -f + 36 = -5*u + 3*f, u + 16 = 3*f. Calculate r(u).
-7
Let z(t) = -8*t**2 + 760*t - 740. Let g be z(94). Let s(k) = 2*k**2 - 25*k + 27. Calculate s(g).
15
Let j be ((-10)/6)/(3/9). Let a(y) = 13 + 6 + 5*y**2 + 3 - 27. Let u(c) = -17*c**2 + c + 14. Let t(g) = 7*a(g) + 2*u(g). Give t(j).
8
Let i(f) = -6*f + 1. Let b = 241 - 235. Suppose -z - 5*m = 29, -z - 3*m - b = 13. What is i(z)?
25
Let o be (21/(-6) - -3)*-2. Let z(t) = 7*t**2 + 1 - o - 2*t**2. Suppose -9 = -83*f + 74*f. Determine z(f).
5
Let c(o) = -10*o - 93. Suppose 60*z = 64*z + 5*x + 65, -3*x + 25 = -4*z. Determine c(z).
7
Let r be (-184)/460*40/(-2). Let a(m) = 3*m**2 - 22*m - 10. Determine a(r).
6
Let h(u) = -187*u - 341 + 561*u - 188*u + 78 - 192*u. Give h(-47).
19
Let w(n) be the second derivative of n**3/3 + n**2/2 + n. Let i(y) = -y**2 - 15*y - 22. Let d be i(-14). Let h be ((-3)/(-6))/1*d. Give w(h).
-7
Let i(n) be the second derivative of n**5/20 + 5*n**4/6 + 2*n**3/3 + 19*n**2 + 9*n - 76. What is i(-10)?
-2
Suppose -4*n - 9 = -7*n, 0 = r + n - 22. Let w(q) = 2*q**3 - 38*q**2 + 2*q - 41. Give w(r).
-3
Suppose 3*d + 132 = 144. Suppose 0 = 2*f + s + 17, 42 = -5*f - 7*s + d*s. Let a(t) = -t**2 - 9*t - 7. What is a(f)?
-7
Let f be (16/5)/((-6)/(-15)). Let d be 3*44/33 - 0/(-2). Let i(c) = -d*c + 12*c - 6*c + 0*c - 12. What is i(f)?
4
Let k(j) = -4*j - 4. Let i(c) = -26*c - 123. Let s(l) = -76*l - 370. Let w(r) = -17*i(r) + 6*s(r). Let a be w(-9). Give k(a).
8
Let x(o) = 12*o**3 - 16*o**2 - o + 7. Let v(h) = -h**3 + h**2. Let w(s) = -11*v(s) - x(s). Give w(5).
-2
Let v(l) be the third derivative of l**5/30 + 7*l**4/12 - 17*l**3/3 - 84*l**2. Give v(-9).
2
Let j(f) = -65*f + 0 + 131*f - 3 - 62*f. Let k(l) = 11*l - 8. Let n = -2 - -5. Let y(r) = n*k(r) - 8*j(r). Calculate y(6).
6
Let b(i) = -4*i + 15. Let m(a) be the third derivative of -a**4/24 - a**3/6 + 39*a**2. Let d(t) = -b(t) + 2*m(t). Calculate d(11).
5
Let h(p) = -2*p + 2. Suppose -19*m + 390 = -47. Suppose 0 = m*b - 53 - 16. Determine h(b).
-4
Suppose -235*k + 292*k - 627 = 0. Let j(a) = -a**3 + 14*a**2 - 32*a + 1. Calculate j(k).
12
Let n(w) = 7*w + 4. Let o(i) = i**2 - 15*i + 235. Let t be o(10). Let h = t + -186. What is n(h)?
-3
Let j(b) = 4459 + 4455 - 13362 + 4453 + 14*b. Determine j(-6).
-79
Let s(i) = 4*i. Suppose -2*q + f - 14 = -0*f, 0 = -3*q + f - 23. Let h be q/(-18) + ((-78)/4)/(-3). Suppose -32 = -5*a - h. Determine s(a).
20
Let z(t) be the second derivative of t**3/2 - 3*t**2/2 - 977*t. Let q be (-8)/(-5) - 8/(-20). Let r be (-28)/(-12) + q/3. Determine z(r).
6
Let g(u) be the first derivative of u**4/4 + 17*u**3/3 - 18*u**2 + 39*u + 1076. Determine g(-19).
1
Let p(r) = -4*r**2 + 315*r - 243. Let c be p(78). Let m(a) = -a**3 - a + 2. Let l be m(0). Let z(x) = 2*x - 15 - l*x - 3*x + 2*x. Give z(c).
-6
Let h = 726 + -738. Let g be (-390)/55 + 7 - h/11. Let j(c) = -2*c + 1. Give j(g).
-1
Let a(f) = f**2 + 2*f - 26. Let l be (6 - (-1 + 7))/(1 - 3). What is a(l)?
-26
Suppose 21*l = 28*l + u - 13, 3*l = 2*u + 25. Let c(i) = -32*i + 51. Determine c(l).
-45
Let l(z) = 3*z - 4. Let k be l(5). Suppose x - 9 = -k. Let s(o) = 4*o**3 - o**3 - 5*o**3 - 1 + o**3 - o - 2*o**2. Calculate s(x).
1
Let o(u) be the third derivative of -u**5/60 - 7*u**4/12 + 43*u**3/6 + 10*u**2 - 71*u. Determine o(-17).
-8
Let g(a) = -a**2 + a + 3. Let f = 48 + -48. Suppose -3*i + 6*p + 42 = p, f = 4*i - p - 39. Suppose 5*j + 3*t - 3 - i = 0, -5*j = 4*t - 11. Calculate g(j).
-3
Suppose -9*o + 2*o + 504 = 0. Let l(m) = -o*m + 142*m - 1 - 68*m. Calculate l(-3).
-7
Let v(b) be the first derivative of b